{"id":624,"date":"2023-07-02T09:33:11","date_gmt":"2023-07-02T07:33:11","guid":{"rendered":"https:\/\/albooms.fr\/?page_id=624"},"modified":"2024-06-18T15:17:19","modified_gmt":"2024-06-18T13:17:19","slug":"impression-3d","status":"publish","type":"page","link":"https:\/\/albooms.fr\/?page_id=624","title":{"rendered":"Impression 3D"},"content":{"rendered":"\n<div class=\"wp-block-query is-layout-flow wp-block-query-is-layout-flow\"><ul class=\"wp-block-post-template is-layout-flow wp-block-post-template-is-layout-flow\"><li class=\"wp-block-post post-1171 post type-post status-publish format-standard hentry category-arduino category-3dprint\">\n\n<div class=\"wp-block-columns are-vertically-aligned-center is-layout-flex wp-container-core-columns-is-layout-1 wp-block-columns-is-layout-flex\">\n<div class=\"wp-block-column is-vertically-aligned-center is-layout-flow wp-block-column-is-layout-flow\" style=\"flex-basis:25%\"><\/div>\n\n\n\n<div class=\"wp-block-column is-vertically-aligned-center is-layout-flow wp-block-column-is-layout-flow\" style=\"flex-basis:75%\"><h2 class=\"wp-block-post-title\">Construire une tortue de sol (2\/2)<\/h2>\n\n<div class=\"wp-block-post-excerpt\"><p class=\"wp-block-post-excerpt__excerpt\">&#8211; Monter les composants &#8211; Dans ce second billet, je vais vous expliquer comment monter la tortue de sol \u00e0 partir des pi\u00e8ces imprim\u00e9es en 3D (voir le billet pr\u00e9c\u00e9dent). Avant tout, il faut, en plus des pi\u00e8ces imprim\u00e9es, poss\u00e9der les composants suivants: COMPOSANTS ARDUINO ET GROVE SEEED C\u00c2BLAGE SANS SOUDURE Arduino Uno A000066 10\u2026<\/p><p class=\"wp-block-post-excerpt__more-text\"><a class=\"wp-block-post-excerpt__more-link\" href=\"https:\/\/albooms.fr\/?p=1171\">Lire la suite<\/a><\/p><\/div><\/div>\n<\/div>\n\n<\/li><li class=\"wp-block-post post-1147 post type-post status-publish format-standard hentry category-3dprint\">\n\n<div class=\"wp-block-columns are-vertically-aligned-center is-layout-flex wp-container-core-columns-is-layout-2 wp-block-columns-is-layout-flex\">\n<div class=\"wp-block-column is-vertically-aligned-center is-layout-flow wp-block-column-is-layout-flow\" style=\"flex-basis:25%\"><\/div>\n\n\n\n<div class=\"wp-block-column is-vertically-aligned-center is-layout-flow wp-block-column-is-layout-flow\" style=\"flex-basis:75%\"><h2 class=\"wp-block-post-title\">Construire une tortue de sol (1\/2)<\/h2>\n\n<div class=\"wp-block-post-excerpt\"><p class=\"wp-block-post-excerpt__excerpt\">&#8211; L&rsquo;impression 3D &#8211; J&rsquo;ai \u00e9crit plusieurs billets sur la tortue de sol et les int\u00e9ressantes hypoth\u00e8ses p\u00e9dagogiques qui l&rsquo;accompagnait. Ce billet n&rsquo;a pas d&rsquo;autre vocation que de vous amener \u00e0 construire vous-m\u00eame une de ces tortues avec une imprimante 3D et quelques composants Arduino standards. J&rsquo;ai aussi fait le choix de construire une tortue\u2026<\/p><p class=\"wp-block-post-excerpt__more-text\"><a class=\"wp-block-post-excerpt__more-link\" href=\"https:\/\/albooms.fr\/?p=1147\">Lire la suite<\/a><\/p><\/div><\/div>\n<\/div>\n\n<\/li><li class=\"wp-block-post post-158 post type-post status-publish format-standard has-post-thumbnail hentry category-3dprint\">\n\n<div class=\"wp-block-columns are-vertically-aligned-center is-layout-flex wp-container-core-columns-is-layout-3 wp-block-columns-is-layout-flex\">\n<div class=\"wp-block-column is-vertically-aligned-center is-layout-flow wp-block-column-is-layout-flow\" style=\"flex-basis:25%\"><figure style=\"width:250px;height:250px;\" class=\"wp-block-post-featured-image\"><a href=\"https:\/\/albooms.fr\/?p=158\" target=\"_self\"  style=\"height:250px\"><img loading=\"lazy\" decoding=\"async\" width=\"800\" height=\"600\" src=\"https:\/\/albooms.fr\/wp-content\/uploads\/2023\/07\/Freinet-2-v14.png\" class=\"attachment-post-thumbnail size-post-thumbnail wp-post-image\" alt=\"La boite enseignante de Freinet\" style=\"height:250px;object-fit:contain;\" srcset=\"https:\/\/albooms.fr\/wp-content\/uploads\/2023\/07\/Freinet-2-v14.png 800w, https:\/\/albooms.fr\/wp-content\/uploads\/2023\/07\/Freinet-2-v14-300x225.png 300w, https:\/\/albooms.fr\/wp-content\/uploads\/2023\/07\/Freinet-2-v14-768x576.png 768w\" sizes=\"auto, (max-width: 800px) 100vw, 800px\" \/><\/a><\/figure><\/div>\n\n\n\n<div class=\"wp-block-column is-vertically-aligned-center is-layout-flow wp-block-column-is-layout-flow\" style=\"flex-basis:75%\"><h2 class=\"wp-block-post-title\">La boite enseignante de Freinet<\/h2>\n\n<div class=\"wp-block-post-excerpt\"><p class=\"wp-block-post-excerpt__excerpt\">Histoire de la conception Apr\u00e8s avoir achet\u00e9 un lot de bandes enseignantes de Freinet. J&rsquo;ai rapidement eu envie de \u00ab\u00a0vivre\u00a0\u00bb l&rsquo;exp\u00e9rience de la boite et des molettes pour voir \u00ab\u00a0comment \u00e7a faisait\u00a0\u00bb. Or, s&rsquo;il est assez facile de trouver des bandes, les boites sont plut\u00f4t difficiles \u00e0 trouver. Le plastique bon march\u00e9 dont elles sont\u2026<\/p><p class=\"wp-block-post-excerpt__more-text\"><a class=\"wp-block-post-excerpt__more-link\" href=\"https:\/\/albooms.fr\/?p=158\">Lire la suite<\/a><\/p><\/div><\/div>\n<\/div>\n\n<\/li><\/ul>\n\n<\/div>\n","protected":false},"excerpt":{"rendered":"","protected":false},"author":1,"featured_media":725,"parent":0,"menu_order":0,"comment_status":"closed","ping_status":"closed","template":"archives-blog-perso","meta":{"iawp_total_views":36,"footnotes":""},"folder":[],"class_list":["post-624","page","type-page","status-publish","has-post-thumbnail","hentry"],"_links":{"self":[{"href":"https:\/\/albooms.fr\/index.php?rest_route=\/wp\/v2\/pages\/624","targetHints":{"allow":["GET"]}}],"collection":[{"href":"https:\/\/albooms.fr\/index.php?rest_route=\/wp\/v2\/pages"}],"about":[{"href":"https:\/\/albooms.fr\/index.php?rest_route=\/wp\/v2\/types\/page"}],"author":[{"embeddable":true,"href":"https:\/\/albooms.fr\/index.php?rest_route=\/wp\/v2\/users\/1"}],"replies":[{"embeddable":true,"href":"https:\/\/albooms.fr\/index.php?rest_route=%2Fwp%2Fv2%2Fcomments&post=624"}],"version-history":[{"count":7,"href":"https:\/\/albooms.fr\/index.php?rest_route=\/wp\/v2\/pages\/624\/revisions"}],"predecessor-version":[{"id":1255,"href":"https:\/\/albooms.fr\/index.php?rest_route=\/wp\/v2\/pages\/624\/revisions\/1255"}],"wp:featuredmedia":[{"embeddable":true,"href":"https:\/\/albooms.fr\/index.php?rest_route=\/wp\/v2\/media\/725"}],"wp:attachment":[{"href":"https:\/\/albooms.fr\/index.php?rest_route=%2Fwp%2Fv2%2Fmedia&parent=624"}],"wp:term":[{"taxonomy":"folder","embeddable":true,"href":"https:\/\/albooms.fr\/index.php?rest_route=%2Fwp%2Fv2%2Ffolder&post=624"}],"curies":[{"name":"wp","href":"https:\/\/api.w.org\/{rel}","templated":true}]}}