{"id":459,"date":"2023-06-28T09:36:04","date_gmt":"2023-06-28T07:36:04","guid":{"rendered":"https:\/\/albooms.fr\/?page_id=459"},"modified":"2023-07-21T10:06:06","modified_gmt":"2023-07-21T08:06:06","slug":"aux-sources-de-limaginaire-numerique-de-formation","status":"publish","type":"page","link":"https:\/\/albooms.fr\/?page_id=459","title":{"rendered":"Aux sources de l&rsquo;imaginaire num\u00e9rique de formation"},"content":{"rendered":"\n<div class=\"wp-block-columns is-layout-flex wp-container-core-columns-is-layout-1 wp-block-columns-is-layout-flex\" style=\"padding-right:100px;padding-left:100px\">\n<div class=\"wp-block-column is-layout-flow wp-block-column-is-layout-flow\">\n<p>Il s&rsquo;agit d&rsquo;une frise chronologique exp\u00e9rimentale sur laquelle j&rsquo;essaie de positionner des jalons relatifs aux vertus suppos\u00e9es des techniques \u00e9ducatives. La plupart perdurent, alors m\u00eame que ces vertus \u00e9taient attribu\u00e9es \u00e0 des techniques abandonn\u00e9es depuis.<\/p>\n\n\n\n\n\n<div class=\"h5p-iframe-wrapper\"><iframe id=\"h5p-iframe-1\" class=\"h5p-iframe\" data-content-id=\"1\" style=\"height:1px\" src=\"about:blank\" frameBorder=\"0\" scrolling=\"no\" title=\"Aux sources de l&#039;imaginaire num\u00e9rique de formation\"><\/iframe><\/div>\n\n\n\n\n<p>On peut y observer les diff\u00e9rentes postures du maitre, d&rsquo;abord servant du savoir, il disparait progressivement de la salle, remplac\u00e9 par un \u00e9cran ou un robot anthropomorphe, pour \u00eatre finalement remplac\u00e9 par une machine. <\/p>\n\n\n\n<p>L&rsquo;absence d&rsquo;effort est r\u00e9guli\u00e8rement mis en avant, tandis que chaque m\u00e9thode laisse supposer ou montre des performances accrues dans les apprentissages. <\/p>\n\n\n\n<p>A noter, la densit\u00e9 des noeuds autour de 1960.<\/p>\n<\/div>\n<\/div>\n","protected":false},"excerpt":{"rendered":"<p>Il s&rsquo;agit d&rsquo;une frise chronologique exp\u00e9rimentale sur laquelle j&rsquo;essaie de positionner des jalons relatifs aux vertus suppos\u00e9es des techniques \u00e9ducatives. La plupart perdurent, alors m\u00eame que ces vertus \u00e9taient attribu\u00e9es \u00e0 des techniques abandonn\u00e9es depuis. On peut y observer les diff\u00e9rentes postures du maitre, d&rsquo;abord servant du savoir, il disparait progressivement de la salle, remplac\u00e9 [&hellip;]<\/p>\n","protected":false},"author":1,"featured_media":0,"parent":0,"menu_order":0,"comment_status":"closed","ping_status":"closed","template":"archives-blog-perso","meta":{"iawp_total_views":97,"footnotes":""},"folder":[],"class_list":["post-459","page","type-page","status-publish","hentry"],"_links":{"self":[{"href":"https:\/\/albooms.fr\/index.php?rest_route=\/wp\/v2\/pages\/459","targetHints":{"allow":["GET"]}}],"collection":[{"href":"https:\/\/albooms.fr\/index.php?rest_route=\/wp\/v2\/pages"}],"about":[{"href":"https:\/\/albooms.fr\/index.php?rest_route=\/wp\/v2\/types\/page"}],"author":[{"embeddable":true,"href":"https:\/\/albooms.fr\/index.php?rest_route=\/wp\/v2\/users\/1"}],"replies":[{"embeddable":true,"href":"https:\/\/albooms.fr\/index.php?rest_route=%2Fwp%2Fv2%2Fcomments&post=459"}],"version-history":[{"count":12,"href":"https:\/\/albooms.fr\/index.php?rest_route=\/wp\/v2\/pages\/459\/revisions"}],"predecessor-version":[{"id":877,"href":"https:\/\/albooms.fr\/index.php?rest_route=\/wp\/v2\/pages\/459\/revisions\/877"}],"wp:attachment":[{"href":"https:\/\/albooms.fr\/index.php?rest_route=%2Fwp%2Fv2%2Fmedia&parent=459"}],"wp:term":[{"taxonomy":"folder","embeddable":true,"href":"https:\/\/albooms.fr\/index.php?rest_route=%2Fwp%2Fv2%2Ffolder&post=459"}],"curies":[{"name":"wp","href":"https:\/\/api.w.org\/{rel}","templated":true}]}}